{"id":7,"date":"2008-07-10T16:18:40","date_gmt":"2008-07-10T14:18:40","guid":{"rendered":"http:\/\/blog.marosh.cz\/?page_id=2"},"modified":"2008-07-10T16:18:40","modified_gmt":"2008-07-10T14:18:40","slug":"o-webu","status":"publish","type":"page","link":"http:\/\/blog.marosh.cz\/index.php\/o-webu\/","title":{"rendered":"O autorovi"},"content":{"rendered":"<p>Tento odkaz l\u017ee. O autorovi tu vlastn\u011b nic neni. \u010casem snad. \ud83d\ude42<\/p>\n<p>Kontaktovat m\u011b m\u016f\u017eete na marosh(zavin\u00e1\u010d)marosh(t\u010dka)cz<\/p>\n","protected":false},"excerpt":{"rendered":"<p>Tento odkaz l\u017ee. O autorovi tu vlastn\u011b nic neni. \u010casem snad. \ud83d\ude42 Kontaktovat m\u011b m\u016f\u017eete na marosh(zavin\u00e1\u010d)marosh(t\u010dka)cz<\/p>\n","protected":false},"author":2,"featured_media":0,"parent":0,"menu_order":0,"comment_status":"open","ping_status":"open","template":"","meta":[],"_links":{"self":[{"href":"http:\/\/blog.marosh.cz\/index.php\/wp-json\/wp\/v2\/pages\/7"}],"collection":[{"href":"http:\/\/blog.marosh.cz\/index.php\/wp-json\/wp\/v2\/pages"}],"about":[{"href":"http:\/\/blog.marosh.cz\/index.php\/wp-json\/wp\/v2\/types\/page"}],"author":[{"embeddable":true,"href":"http:\/\/blog.marosh.cz\/index.php\/wp-json\/wp\/v2\/users\/2"}],"replies":[{"embeddable":true,"href":"http:\/\/blog.marosh.cz\/index.php\/wp-json\/wp\/v2\/comments?post=7"}],"version-history":[{"count":0,"href":"http:\/\/blog.marosh.cz\/index.php\/wp-json\/wp\/v2\/pages\/7\/revisions"}],"wp:attachment":[{"href":"http:\/\/blog.marosh.cz\/index.php\/wp-json\/wp\/v2\/media?parent=7"}],"curies":[{"name":"wp","href":"https:\/\/api.w.org\/{rel}","templated":true}]}}